0)/15)?
22
Let q = -1789 - -2095. Calculate the remainder when q is divided by 7.
5
Let m be (-36)/(-6)*2/4. Suppose -147 = -0*k - 3*k. What is the remainder when k is divided by 22/(m + -1) + 2?
10
Suppose -9*o = 12 - 57. Suppose -4*f - 14 = -2*q - 2*f, -10 = -o*f. Let h = -35 - -60. Calculate the remainder when h is divided by q.
7
Let h be (99 - 2) + 16/4. Suppose -10*s = -159 - h. What is the remainder when 93 is divided by s?
15
Suppose 0 = -5*x + 13*x - 2184. Calculate the remainder when x is divided by 31.
25
Let t be 1*((-4)/(-4) + 379). Suppose 0 = 2*i + 3*g - t, -994 = -4*i + g - 220. Calculate the remainder when i is divided by 39.
37
Calculate the remainder when 80 is divided by (0 + -1)/(1 - (-52)/(-50)).
5
Let c be -3*(4 - (-190)/(-6)). Let b = 14 + c. What is the remainder when b is divided by 25?
22
Let x(z) = z**3 - 9*z**2 - 9*z + 2. Let k(w) = 2*w**2 - 9*w + 14. Let h be k(4). Calculate the remainder when x(h) is divided by 8.
4
Let h = -61 + 85. Suppose 4*s = 4*g - 76, 0 = 5*s + 8 - 3. Suppose -2*m = -h - g. What is the remainder when 40 is divided by m?
19
Let w(d) = d**2 - 7*d - 16. Let q be w(9). Suppose q*j - 10 = 196. Calculate the remainder when j is divided by 26.
25
Let r(y) = -16*y**2 + y + 4. Let f be r(2). Let c = -8 - f. Suppose -4*o = o - c. What is the remainder when 39 is divided by o?
9
What is the remainder when 928/14 + 8/(-140)*5 is divided by 26?
14
Suppose -g = -k - 14, 38 = 4*g - 2*g + 3*k. What is the remainder when 1 + 65 + (-12)/4 is divided by g?
15
Calculate the remainder when (8 - (6 + -38))/(4/6) is divided by 19.
3
Let u(c) = c**2 - c + 1. Let k(y) = -y**3 - 4*y**2 + 7*y + 6. Let x be k(-6). Suppose x = -24*q + 26*q. What is the remainder when q is divided by u(3)?
4
What is the remainder when 4/46 + 15*7104/1840 is divided by 20?
18
Let i = 60 + -40. Let o = 55 + -16. What is the remainder when o is divided by i?
19
Suppose -1970 = -13*l - 722. Calculate the remainder when l is divided by 49.
47
Let l = 286 - 242. Calculate the remainder when l is divided by 20.
4
Let z be 8/(((-28)/(-50))/(-7)). Let q = 262 + z. Calculate the remainder when q is divided by 15.
12
Let r be 2/6 - 231/(-9). Suppose -106 = 4*u - r. Let i = u - -24. What is the remainder when 13 is divided by i?
1
Let u(z) = -z**2 + 19*z + 3. Suppose 0 = 13*n - 8*n - 65. Let s be u(n). Suppose y = -7 + s. What is the remainder when y is divided by 19?
17
Calculate the remainder when (122/10)/(((-18)/15)/(-6)) is divided by ((-9)/12)/(5/(-60)).
7
Let v(w) = w**2 - 83*w - 824. Calculate the remainder when 278 is divided by v(-9).
2
Let m(n) = -n**2 + 6*n - 6. Let u be m(2). Suppose -d + 5*g - g = 0, 3*g - 44 = -u*d. Calculate the remainder when 29 is divided by d.
13
Suppose 0*q - 3*q + 15 = 0. Let c = -150 + 170. Calculate the remainder when c is divided by q.
0
Suppose 3*q - 27 = 18. Let b(f) = -f + 14. Let y be (-11)/(121/(-2)) + (-156)/11. Calculate the remainder when b(y) is divided by q.
13
Suppose -9*z - 2406 = -15*z. What is the remainder when z is divided by 34?
27
Suppose 0*i - 21 = -i. Let g(p) = -p**2 - 5*p + 2. Let t be g(-5). What is the remainder when i is divided by (13/2 - 1)*t?
10
Let d(k) = k**2 - 8*k - 14. Suppose 2*w = -4*u, -2*u = -2*w - 3 - 3. Let q = u - -10. Calculate the remainder when q is divided by d(10).
5
Suppose 0 = u - 2*b + 3*b - 3, -3*u = b - 3. What is the remainder when 100 is divided by 3/(-1) + u - (-46 + 9)?
32
What is the remainder when 314 is divided by 17 + (-1349)/76 + (-19)/(-4)?
2
Let g(f) = -2*f**3 + 53*f**2 - 25*f - 13. Calculate the remainder when 49 is divided by g(26).
10
Let b = 151 - -151. What is the remainder when b is divided by 105?
92
Let l = 151 - 97. Suppose 2*j = m + 176, 4*j - 380 = -5*m - 0*m. Suppose 5*p + 9*h - 4*h = j, 20 = 2*p - 2*h. Calculate the remainder when l is divided by p.
12
Let l(d) = d**2 + 40*d - 75. Calculate the remainder when 161 is divided by l(-42).
8
Suppose -3*i - 4*p - 8 = -i, -4*i - 19 = 5*p. Let s be 3/i*(0 - -50). What is the remainder when 83 is divided by (-12)/9*3 - s?
20
Suppose -3*i - i + 8 = 0. Suppose k - d = 36, i*d = 2*k - d - 68. Let b = 212 + -198. Calculate the remainder when k is divided by b.
12
Suppose -4*o + 71 + 33 = c, 0 = -3*o - 3*c + 87. Let z(h) = h**3 + 6*h**2 + 5*h + 1. What is the remainder when o is divided by z(-4)?
12
Let j(w) = -w**3 - 3*w**2 + w + 3. Let v be j(-3). Let h(p) = -p**2 + p + 10. Suppose -208 = -5*k - 18. What is the remainder when k is divided by h(v)?
8
Let h be (1 + -3 + -1)*3 - 0. Let s = 14 + -5. What is the remainder when s is divided by (-7)/(-21) + (-42)/h?
4
Let v(k) = -240*k + 800. Let z = 50 + -22. What is the remainder when v(3) is divided by z?
24
Suppose 2*v + n - 16 = -0, -n + 4 = 0. Suppose -h = h - v. Let k = -15 + 26. What is the remainder when k is divided by h?
2
Let q = 36 - 32. Suppose -2*f - 64 = -6*f + q*n, 0 = f + 5*n - 40. What is the remainder when 79 is divided by f?
19
Suppose -4*y - 5*z = -84, 5*z = -16*y + 15*y + 36. What is the remainder when 93 is divided by y?
13
Suppose 0 = -9*v + 510 + 363. Calculate the remainder when v is divided by 39.
19
Let q = -1271 + 1274. Suppose -27 = -5*d + 8. Calculate the remainder when d is divided by q.
1
Let p = -45 - -41. Let j(h) = -h**3 - 2*h**2 - 7*h + 8. Calculate the remainder when j(p) is divided by 18.
14
Let j = 62 + -55. Let i = -15 - -10. Let k = 0 - i. Calculate the remainder when j is divided by k.
2
Let n(y) = -8*y**2 + 70*y + 20. Calculate the remainder when 92 is divided by n(9).
0
Let k = -1595 - -1894. What is the remainder when k is divided by 12?
11
Let c = 17 - 8. What is the remainder when 12 is divided by 5/(-5)*c*(-1 - 0)?
3
Suppose -h + 4*h = 0. Suppose h = 8*c - 6*c - 56. What is the remainder when 106 is divided by c?
22
Suppose -112 = -4*a + 3*l, -4*a - 30 = -l - 142. Let s = 49 - a. Calculate the remainder when 79 is divided by s.
16
Let l be (0 - -1 - -21)/(-1). Let o = 38 + l. What is the remainder when o is divided by 5*(240/(-25))/(-8)?
4
Let p be (6/(-9))/(2/(-12)). Suppose z - 4*z + 609 = -p*c, -3*z = 3*c + 483. Let k = -111 - c. Calculate the remainder when k is divided by 23.
22
Let h(s) = -s - 2. Let m be h(-5). Suppose 3*d - 63 = -m*q, 2*q - 4*d + 12 = 3*q. Calculate the remainder when 93 is divided by q.
21
Let z(n) = 16*n - 18. What is the remainder when z(2) is divided by 2?
0
What is the remainder when 22*(-11 - 80/(-5)) is divided by 23?
18
Let a(k) = 2*k**3 - 27*k**2 + 14*k + 18. Let z be ((-20)/(-12))/(-5)*(-1 + -38). Calculate the remainder when 90 is divided by a(z).
28
Suppose -11*g + 160 = -7*g. Let d = g + -44. Calculate the remainder when 69 is divided by (d/(-10))/(11/385).
13
Let c(s) be the first derivative of 5*s**2 + 3*s - 14. Let m(q) = q - 1. Let v be m(5). What is the remainder when c(v) is divided by 11?
10
Let r(f) = f**3 - 2*f**2 - f + 4. Let a be r(2). What is the remainder when a/(-8) + (-178)/(-8) is divided by 13?
9
Let i(a) = -6*a - 24. What is the remainder when 10 is divided by i(-5)?
4
Let d = 57 - 33. Let z(m) = 284*m - 2220. Calculate the remainder when z(8) is divided by d.
4
Let v be 15*(0 - 1/3). Let r be (285/(-12))/(v/20). Suppose -4*q = q - r. Calculate the remainder when q is divided by 7.
5
Suppose -580 = -21*h - 118. Calculate the remainder when 197 is divided by h.
21
Suppose -4*f + 395 - 139 = 0. Suppose -1523 = 34*z - 38*z - l, 2*z + l - 761 = 0. Calculate the remainder when z is divided by f.
61
Let m(x) = -x + 6. Suppose 5*y - 26 = 169. Calculate the remainder when y is divided by m(-8).
11
Let y(t) = 2 - t + 0 - 4. Calculate the remainder when 32 is divided by y(-7).
2
Suppose 15*h - 14*h - 3*w - 394 = 0, w - 2034 = -5*h. What is the remainder when h is divided by 114?
64
Let a = -32 - -36. Let v(h) = -h**3 + 5*h**2 - 2. What is the remainder when 81 is divided by v(a)?
11
Let v(z) = z**2 - z - 8. Let k(a) = -a**3 + 11*a + 3*a**2 - 4*a**2 + 10 - 7*a + 0*a**2. Calculate the remainder when v(6) is divided by k(-2).
4
Let f(g) = -g**3 + 9*g**2 + g + 11. Let r(j) = j - 3. Let t be r(4). Calculate the remainder when f(9) is divided by (t + 0)*(3 + 4).
6
Let l = 46 - 43. Suppose 7*q = l*q + 80. Calculate the remainder when 79 is divided by q.
19
Let l 